mber?
True
Let f(v) = 3*v**2 - 2*v - 3. Let w(d) = -13*d**2 + 9*d + 11. Let o(n) = 9*f(n) + 2*w(n). Is o(6) composite?
False
Let o be ((-4)/(-10))/(1/85). Let n be 1*(0 + -1 + o). Is n/(-2)*340/(-30) a prime number?
False
Let u(f) = 7*f**2 - 29*f - 1. Let i(r) = -5*r**2 + 19*r + 1. Let c(v) = -8*i(v) - 5*u(v). Is c(-5) a composite number?
False
Let s(r) = -r**3 + 11*r**2 - 11*r + 13. Let l be s(10). Let i be l/(-9) + (-13)/(-3). Suppose i*h = -h + 55. Is h prime?
True
Suppose -3*j = 3, -2*j - 8 + 110 = 2*k. Let b = -17 + k. Let u = -9 + b. Is u prime?
False
Let d(l) = -7*l**3 - 9*l**2 + 4*l + 11. Is d(-4) a prime number?
False
Let v be 10/(-4)*4/(-5). Suppose -u = v*b - 254, -b - 4*u = -2*b + 127. Is b a prime number?
True
Suppose -3*b = -14 - 7. Let f(p) = 2*p**2 - 10*p + 9. Is f(b) a composite number?
False
Let g(j) = j - 1. Let w be g(0). Let a(n) = -20*n**3 - 2*n**2 - n. Is a(w) a composite number?
False
Suppose i - 6*i + 120 = 0. Suppose -b - 1 = -i. Is b prime?
True
Let j(m) = -81*m - 30. Is j(-9) composite?
True
Suppose 3*s - c = -2*s + 3501, -s + c + 697 = 0. Is s a prime number?
True
Let t = 5 + -2. Let l = 2 + 0. Suppose -2*k = -4*o + 88, -k + 57 = t*o + l*k. Is o a composite number?
True
Let s(n) be the third derivative of n**5/60 + 5*n**3/3 - n**2. Is s(-13) a prime number?
True
Suppose 4*h + 43 + 2 = -5*t, -3*t = -2*h - 17. Let l be (8/h)/((-1)/185). Suppose -4*q + l + 360 = 0. Is q a composite number?
False
Let m be (3 + -4 + 1)/(-2). Suppose -d = c - 4*d + 294, c + 2*d + 314 = m. Let j = -209 - c. Is j composite?
False
Let j = -3 + 23. Suppose -b = 3*b - j. Suppose -b*v + 132 = -v + 2*h, 66 = 2*v - 5*h. Is v composite?
True
Suppose 1454 = w - 3*k, 4*w - w - 2*k - 4327 = 0. Is w a composite number?
False
Is 6999*(13/3 + -4) prime?
True
Let b be 5 - (-2 - -2 - -3). Suppose -b*q + 0 = -14. Is q a composite number?
False
Suppose 6*c + m + 817 = 9*c, c - 3*m - 259 = 0. Is c a composite number?
True
Suppose -13 - 1 = 2*n. Let f(a) = -a**2 - 10*a - 2. Is f(n) composite?
False
Suppose 2*c = -c. Suppose 5*l + 3*d - 30 = c, -3*d + 0*d + 3 = -4*l. Suppose n = -l*n + 76. Is n a prime number?
True
Suppose 0*b = 3*n - 3*b - 4332, 5770 = 4*n - 2*b. Is n a prime number?
False
Suppose -3*z = 2*z. Suppose z = b - 153 - 344. Let c = -286 + b. Is c prime?
True
Is 1 + -1 + (-2891)/(-7) composite?
True
Let r = 3 + -2. Let l be r*25*8/(-20). Is (-6)/(-15) - 26/l prime?
True
Suppose a - 23 = 2*x - 4*x, 3*x = -a + 37. Is x a prime number?
False
Suppose -3*o - 12 = -5*o. Let u(n) = -n**2 - n - 1. Let q(h) = 16*h**2 + 6*h + 7. Let m(k) = o*u(k) + q(k). Is m(-1) a prime number?
True
Suppose -3*d + 6793 = 5*v, 4*v - 10*d + 7*d = 5456. Is v a composite number?
False
Let t = -13 + 44. Is t a prime number?
True
Suppose -4*x - 3*f = x - 696, 0 = -4*x - f + 561. Is x prime?
False
Suppose 0*p - 2*v + 7815 = 5*p, -3112 = -2*p + 2*v. Is p a prime number?
False
Let q = -12 - -14. Suppose -l - 4*b = -115 - 18, 2*l - 266 = q*b. Is l prime?
False
Let n(a) = 0*a**3 - 2*a - 2*a**3 + 4*a + a**3 - 15 - 6*a**2. Let k be n(-11). Suppose -3*f + 5*o = -k - 121, 0 = -2*f - 4*o + 430. Is f a composite number?
False
Suppose -4*v - 5*q + 13732 = 0, -3*v + 3*q + 7391 = -2908. Is v a prime number?
True
Let g = -11 - -11. Is 4 - (-324 - g)/4 a composite number?
True
Let m(n) = -5*n**3 + n**2 - 4*n + 16. Let l(a) = -a**3 - a + 3. Let s(b) = -11*l(b) + 2*m(b). Is s(3) composite?
False
Suppose 2*w - 3 - 1 = 0. Suppose l + 0*v = -w*v + 14, 2*l - 12 = 4*v. Suppose -3*i = 3*t + t - 50, -2*t - l = -i. Is i a prime number?
False
Suppose -4*g = 52 - 164. Let i(h) = 3 + 1 + 4 - 1 + g*h. Is i(9) a composite number?
True
Suppose 4*j = -0*j - 3*g + 193, 0 = -2*j + 2*g + 86. Let l = j + 48. Is l composite?
True
Let a be 4/(-10) + 66/15. Let p be ((-1)/3)/(a/(-24)). Suppose -2*b = -5*k - 120, p*b - b = -4*k + 73. Is b composite?
True
Suppose 0 = -2*c - 4*r + 56, -4*c - 5*r = -10*r - 112. Let j be 6/4*c/21. Is 1/j - (-255)/6 a prime number?
True
Let y be 2*4/(3 - 7). Suppose 6 = -3*v, 4*r = -v + 5 - 3. Is r/(y - 238/(-118)) a composite number?
False
Let r(x) = 2*x**3 - 18*x**2 + 13*x - 2. Is r(12) prime?
False
Suppose 0*c = -3*c + 3. Let g = c - -10. Is g prime?
True
Let n(h) = -h + 13. Let s be n(10). Let q = -3 + s. Is (6 - 4) + q + 24 a composite number?
True
Let o = -11 - -7. Let s be (o/12)/(2/(-294)). Let m = s - -4. Is m a composite number?
False
Let s be (3 + 0)/(6/4). Suppose -s*k = 175 - 885. Is k a composite number?
True
Suppose -5*m - o = 0, 0 = 4*m + 2*o - 3*o. Suppose -6*f + 4*f + 62 = m. Is f composite?
False
Let t(d) = -67*d - 35. Is t(-18) prime?
True
Let a(o) = 16*o**2 - 7*o. Let u be a(-6). Suppose 5*d + b - 1653 = 0, -5*d + 2275 = -b + u. Is d composite?
False
Let w = -10 + 4. Is w/(-18) - 124/(-6) prime?
False
Let c = 6 + -3. Let g = -91 + 283. Suppose -k - c*v = -53 - 41, -2*k - 2*v = -g. Is k prime?
True
Suppose -9 = -0*v - 3*v. Let f(d) = -3 - 2*d**2 + 4*d**2 + d**v + 5*d**2 - 3*d. Is f(-6) a prime number?
False
Let i(x) = 4*x**3 + 2*x**2 + 2*x - 5. Is i(3) composite?
False
Let u(j) = 225*j + 1. Is u(1) a prime number?
False
Let r(w) = -w - 3. Let d(n) = n**3 - 2*n**2 - 6*n + 2. Let p be d(4). Suppose 0 = i + p - 3. Is r(i) prime?
False
Suppose 2*k = -l + 377, 5*k + 3*l - 361 = 579. Is k prime?
True
Let f(d) = -6*d**2 + 2*d - 3*d**2 - 8 + 7*d - d**3 + 0*d**2. Is f(-10) a composite number?
False
Let b(y) = -5*y + 1. Let u = -5 + 8. Let w be ((-6)/(-4))/(u/(-4)). Is b(w) composite?
False
Let x(t) = 55*t - 2. Let k(u) = u**2 + 4*u + 3. Let i be k(-4). Is x(i) a prime number?
True
Let u(a) = -21*a**2 + 2*a + 2. Let i be u(-3). Let x be ((-36)/(-9))/((-2)/(-12)). Let r = x - i. Is r a composite number?
True
Suppose i = -2*w - w - 16, -24 = 2*w - 2*i. Let k(a) = -a**2 - 10*a + 10. Is k(w) a prime number?
True
Let d be (-230)/(-5) + (0 - 1). Let f = d - 24. Is f a composite number?
True
Is (-292)/(-2) - (-3 - -4) a composite number?
True
Let z(q) = q**3 - 8*q**2 + 5*q - 13. Is z(9) prime?
True
Let u = 18844 - 13265. Is u a prime number?
False
Let w(m) = -16*m**3 + m**2 + 9*m + 11. Is w(-6) a prime number?
True
Suppose -11*w = -0*w - 24189. Is w prime?
False
Suppose f + 1187 = n + 4*n, 4*n - f = 950. Suppose 3*j + 0*j = n. Is j a prime number?
True
Let g(r) be the first derivative of 7*r**6/180 - r**5/120 - r**4/24 - r**3/3 + 1. Let a(l) be the third derivative of g(l). Is a(-1) a prime number?
False
Let u = 835 + 42. Is u a composite number?
False
Let p(d) = 231*d**2 - 2*d. Let z be p(2). Is ((-1)/(-2))/(4/z) composite?
True
Let o = 403 - 216. Is o a composite number?
True
Suppose 5*j - 132 = j. Is j a composite number?
True
Let t be (10/(-35))/(1/(-7)). Suppose -2*n + 259 = p, n + t*n = p + 396. Is n composite?
False
Let v = 4660 - 2723. Is v prime?
False
Suppose -2*c - 53 = 3*f, -2*f + 3*f + 15 = 2*c. Let t = -12 - f. Suppose t*n - 136 = -3*y, -4*y + 3*n - 1 + 134 = 0. Is y prime?
True
Is 18343/8 + 2/16 prime?
True
Let n = -10 + 29. Is n composite?
False
Suppose -5*c + 30689 = -3*q, 0 = 3*c + 7*q - 3*q - 18425. Is c composite?
True
Suppose -4171 = -4*s - 3*r, 4*s - 675 - 3461 = 4*r. Is s a prime number?
True
Let i = -146 + 102. Let s = i + 78. Is s a prime number?
False
Let c = 0 + 2. Let v be (-1)/((-4)/2 + 1). Is (-26)/(-4) + v/c prime?
True
Let q(g) = g**2 + 6*g + 4. Let p be q(-5). Let k = 22 + p. Is k composite?
True
Suppose 0 = h - 5 + 3. Let x be 3 + -2 + -37 - h. Let c = x + 75. Is c a prime number?
True
Let m be (5 - 3) + (1 - 1). Suppose 0 = 3*a, 0 = 4*p + m*a - 3*a - 32. Let f = p - -1. Is f composite?
True
Is ((8/6)/((-14)/(-41727)))/2 prime?
True
Suppose -3*c + 2*d = 0, 5*d = 2*c + 3*d + 2. Suppose 247 = 5*n + 4*x, -5*x - 108 = -c*n - 2*x. Is n a prime number?
False
Let g(t) = t**2 - 2*t - 1. Let f be (-155)/20 + 2/(-8). Is g(f) a prime number?
True
Let b(q) = q**2 + q + 1. Let r = -4 + 14. Suppose -g - 2*h = -4 - 7, g + r = 5*h. Is b(g) composite?
False
Suppose 2*l = 4*m + 6, -4*m - 8 = -5*l + l. Let x(k) = -56*k**3 - 1. Is x(m) prime?
False
Let x(m) = -91*m**3 - 2*m**2 - m - 5. Is x(-3) a composite number?
False
Let j = 315 - 77. Suppose j = -3*a + 577. Is a a prime number?
True
Let p(f) = 4*f**2 + 4*f - 7*f**2 - 2*f**3 + f**3. Let z be p(-4). Suppose -t = -z*t